{"id":861,"date":"2022-04-30T18:09:55","date_gmt":"2022-04-30T16:09:55","guid":{"rendered":"https:\/\/rajdfestiwalowy.pl\/?page_id=861"},"modified":"2022-05-02T09:17:17","modified_gmt":"2022-05-02T07:17:17","slug":"tablica-ogloszen-2","status":"publish","type":"page","link":"https:\/\/rajdfestiwalowy.pl\/index.php\/tablica-ogloszen-2\/","title":{"rendered":"Tablice Og\u0142osze\u0144"},"content":{"rendered":"\n<p><a href=\"https:\/\/rajdfestiwalowy.pl\/index.php\/tablica-ogloszen-ro\/\">Tablica Og\u0142osze\u0144 RO<\/a><\/p>\n\n\n\n<p><a href=\"https:\/\/rajdfestiwalowy.pl\/index.php\/tablica-ogloszen-skjs\/\">Tablica Og\u0142osze\u0144 SKJS<\/a><\/p>\n\n\n\n<p>Pobierz aplikacj\u0119 Sportity:<\/p>\n\n\n\n<figure class=\"wp-block-image size-full is-resized is-style-default\"><img decoding=\"async\" loading=\"lazy\" src=\"https:\/\/rajdfestiwalowy.pl\/wp-content\/uploads\/2022\/05\/qrcode-sportity.png\" alt=\"\" class=\"wp-image-937\" width=\"479\" height=\"207\" srcset=\"https:\/\/rajdfestiwalowy.pl\/wp-content\/uploads\/2022\/05\/qrcode-sportity.png 958w, https:\/\/rajdfestiwalowy.pl\/wp-content\/uploads\/2022\/05\/qrcode-sportity-300x129.png 300w, https:\/\/rajdfestiwalowy.pl\/wp-content\/uploads\/2022\/05\/qrcode-sportity-768x331.png 768w\" sizes=\"(max-width: 479px) 100vw, 479px\" \/><\/figure>\n\n\n\n<p><\/p>\n","protected":false},"excerpt":{"rendered":"<p>Tablica Og\u0142osze\u0144 RO Tablica Og\u0142osze\u0144 SKJS Pobierz aplikacj\u0119 Sportity:<\/p>\n","protected":false},"author":1,"featured_media":0,"parent":0,"menu_order":0,"comment_status":"closed","ping_status":"closed","template":"","meta":[],"_links":{"self":[{"href":"https:\/\/rajdfestiwalowy.pl\/index.php\/wp-json\/wp\/v2\/pages\/861"}],"collection":[{"href":"https:\/\/rajdfestiwalowy.pl\/index.php\/wp-json\/wp\/v2\/pages"}],"about":[{"href":"https:\/\/rajdfestiwalowy.pl\/index.php\/wp-json\/wp\/v2\/types\/page"}],"author":[{"embeddable":true,"href":"https:\/\/rajdfestiwalowy.pl\/index.php\/wp-json\/wp\/v2\/users\/1"}],"replies":[{"embeddable":true,"href":"https:\/\/rajdfestiwalowy.pl\/index.php\/wp-json\/wp\/v2\/comments?post=861"}],"version-history":[{"count":8,"href":"https:\/\/rajdfestiwalowy.pl\/index.php\/wp-json\/wp\/v2\/pages\/861\/revisions"}],"predecessor-version":[{"id":941,"href":"https:\/\/rajdfestiwalowy.pl\/index.php\/wp-json\/wp\/v2\/pages\/861\/revisions\/941"}],"wp:attachment":[{"href":"https:\/\/rajdfestiwalowy.pl\/index.php\/wp-json\/wp\/v2\/media?parent=861"}],"curies":[{"name":"wp","href":"https:\/\/api.w.org\/{rel}","templated":true}]}}