{"id":146,"date":"2021-05-09T21:58:29","date_gmt":"2021-05-09T21:58:29","guid":{"rendered":"http:\/\/automobix.cluster015.ovh.net\/rf\/?page_id=146"},"modified":"2022-04-30T22:43:19","modified_gmt":"2022-04-30T20:43:19","slug":"program-rajdu","status":"publish","type":"page","link":"https:\/\/rajdfestiwalowy.pl\/index.php\/program-rajdu\/","title":{"rendered":"Program rajdu"},"content":{"rendered":"\n<p>53. Rajd Festiwalowy \u2013 1. runda&nbsp;Rajdowych Samochodowych Mistrzostw \u015al\u0105ska 2022 (28-29 maja 2022r.)<\/p>\n\n\n\n<p><strong>Publikacja Regulaminu Uzupe\u0142niaj\u0105cego<br><\/strong>1 maja 2022r. \u2013 niedziela, godz. 20:00<\/p>\n\n\n\n<p><strong>Otwarcie Listy Zg\u0142osze\u0144<br><\/strong>1 maja 2022r. \u2013 niedziela, godz. 20:00<\/p>\n\n\n\n<p><strong>Zamkni\u0119cie Listy Zg\u0142osze\u0144<\/strong><br>20 maja 2022r. &#8211; pi\u0105tek, godz. 23:59:59<\/p>\n\n\n\n<p><strong>Zam\u00f3wienie Dodatkowej Powierzchni w Parku Serwisowym i S\u0105siaduj\u0105cych Stanowisk<br><\/strong>20 maja 2022r. &#8211; pi\u0105tek, godz. 23:59:59<\/p>\n\n\n\n<p><strong>Opublikowanie Listy Zg\u0142osze\u0144<\/strong><br>22 maja 2022r. &#8211; niedziela, godz. 20:00 na stronie: www.rajdfestiwalowy.pl oraz w aplikacji Sportity<\/p>\n\n\n\n<p><strong>Opublikowanie Harmonogramu Odbioru Administracyjnego, Badania Kontrolnego BK-1<br><\/strong>24 maja 2022r. &#8211; wtorek, godz. 20:00 na stronie: www.rajdfestiwalowy.pl oraz w aplikacji Sportity<\/p>\n\n\n\n<p><strong>Wydawanie Ksi\u0105\u017cki Drogowej<\/strong><br>28 maja 2022r.\u2013 sobota, podczas Odbioru Administracyjnego<\/p>\n\n\n\n<p><strong>Godziny Pracy Biura Rajdu<br><\/strong>28 maja 2022r. &#8211; sobota, od godz. 7:00 do 22:00<br>29 maja 2022r. &#8211; niedziela, od godz. 7:00 do 21:00<\/p>\n\n\n\n<p><strong>Oficjalna Tablica Og\u0142osze\u0144<br><\/strong>Biblioteka Miejsko Publiczna w Strzelcach Opolskich ul. Marka Prawego 21, 47-100 Strzelce Opolskie<br>oraz na stronie www.rajdfestiwalowy.pl<\/p>\n\n\n\n<p><strong>Termin Podania Szczeg\u00f3\u0142\u00f3w Dotycz\u0105cych Pilota<br><\/strong>28 maja 2022r. \u2013 sobota, do czasu Odbioru Administracyjnego<\/p>\n\n\n\n<p><strong>Odbi\u00f3r Administracyjny i Wydawanie Dokument\u00f3w do Zapoznania z Tras\u0105<br><\/strong>28 maja 2022r. &#8211; sobota, od godz. 7.00 do godz. 10.30<br>Biblioteka Miejsko Publiczna w Strzelcach Opolskich ul. Marka Prawego 21, 47-100 Strzelce Opolskie<\/p>\n\n\n\n<p><strong>Program Zapoznania z Tras\u0105 (zgodnie z za\u0142\u0105cznikiem nr 3)<br><\/strong>Pocz\u0105tek zapoznania z tras\u0105: 28 maja 2022r. &#8211; sobota, godz. 8:30<br>Zako\u0144czenie zapoznania z tras\u0105: 28 maja 2022r. &#8211; sobota, godz. 15:30<\/p>\n\n\n\n<p><strong><mark style=\"background-color:rgba(0, 0, 0, 0);color:#ff0000\" class=\"has-inline-color\">Uwaga: PS Debiuty &#8211; zapoznanie tylko pieszo<\/mark><\/strong><\/p>\n\n\n\n<p><strong>Badanie Kontrolne BK-1<br><\/strong>28 maja 2022r. &#8211; sobota, od godziny 10:00 do godz.15:00 wg. harmonogramu<br>Targowisko Miejskie w Strzelcach Opolskich ul. Plac Targowy 10<\/p>\n\n\n\n<p><strong>Pierwsze Posiedzenie ZSS<br><\/strong>28 maja 2022r. &#8211; sobota, godz. 16:30<br>Biblioteka Miejsko Publiczna w Strzelcach Opolskich ul. Marka Prawego 21, 47-100 Strzelce Opolskie<\/p>\n\n\n\n<p><strong>Opublikowanie Listy Startowej Rajdu oraz Startu Honorowego<br><\/strong>28 maja 2022r. &#8211; sobota, godz. 17:30<br>Oficjalna Tablica Og\u0142osze\u0144 &#8211; Biuro Rajdu oraz na stronie: www.rajdfestiwalowy.pl oraz w aplikacji Sportity<\/p>\n\n\n\n<p><strong>Start Rajdu<br><\/strong>28 maja 2022r.. &#8211; sobota, godz. 19:10<br>PKC &#8211; Opole, Rynek <\/p>\n\n\n\n<p><strong>Meta Rajdu<br><\/strong>29 maja 2022r. &#8211; niedziela, godz. 18:02 \u2013 pierwszej za\u0142ogi<br>PKC-6A Strzelce Opolskie<\/p>\n\n\n\n<p><strong>Otwarcie Parku Serwisowego<br><\/strong>28 maja 2022r. &#8211; sobota, od godz. 8:00 do 22:00<br>29 maja 2022r. &#8211; niedziela, od godz. 6:00 do 21:00<\/p>\n\n\n\n<p><strong>Badanie Kontrolne BK-2 (szczeg\u00f3\u0142owe)<br><\/strong>29 maja 2022r. &#8211; niedziela, godz. 15:10<\/p>\n\n\n\n<p><strong>Opublikowanie Prowizorycznej Klasyfikacji Ko\u0144cowej<br><\/strong>29 maja 2022r. &#8211; niedziela, godz. 19:15<br>Oficjalna Tablica Og\u0142osze\u0144 &#8211; Biuro Rajdu i strona www.rajdfestiwalowy.pl oraz w aplikacji Sportity<\/p>\n\n\n\n<p><strong>Opublikowanie Oficjalnej Klasyfikacji Ko\u0144cowej<br><\/strong>29 maja 2022r. &#8211; niedziela, godz. 19:45<br>Oficjalna Tablica Og\u0142osze\u0144 &#8211; Biuro Rajdu oraz www.rajdfestiwalowy.pl oraz w aplikacji Sportity<\/p>\n\n\n\n<p><strong>Ceremonia Rozdania Nagr\u00f3d<br><\/strong>29 maja 2022r. &#8211; niedziela, godz. 20:00<\/p>\n","protected":false},"excerpt":{"rendered":"<p>53. Rajd Festiwalowy \u2013 1. runda&nbsp;Rajdowych Samochodowych Mistrzostw \u015al\u0105ska 2022 (28-29 maja 2022r.) Publikacja Regulaminu Uzupe\u0142niaj\u0105cego1 maja 2022r. \u2013 niedziela, godz. 20:00 Otwarcie Listy Zg\u0142osze\u01441 maja 2022r. \u2013 niedziela, godz. 20:00 Zamkni\u0119cie Listy Zg\u0142osze\u014420 maja 2022r. &#8211; pi\u0105tek, godz. 23:59:59 Zam\u00f3wienie Dodatkowej Powierzchni w Parku Serwisowym i S\u0105siaduj\u0105cych Stanowisk20 maja [&hellip;]<\/p>\n","protected":false},"author":1,"featured_media":0,"parent":0,"menu_order":0,"comment_status":"closed","ping_status":"closed","template":"","meta":[],"_links":{"self":[{"href":"https:\/\/rajdfestiwalowy.pl\/index.php\/wp-json\/wp\/v2\/pages\/146"}],"collection":[{"href":"https:\/\/rajdfestiwalowy.pl\/index.php\/wp-json\/wp\/v2\/pages"}],"about":[{"href":"https:\/\/rajdfestiwalowy.pl\/index.php\/wp-json\/wp\/v2\/types\/page"}],"author":[{"embeddable":true,"href":"https:\/\/rajdfestiwalowy.pl\/index.php\/wp-json\/wp\/v2\/users\/1"}],"replies":[{"embeddable":true,"href":"https:\/\/rajdfestiwalowy.pl\/index.php\/wp-json\/wp\/v2\/comments?post=146"}],"version-history":[{"count":7,"href":"https:\/\/rajdfestiwalowy.pl\/index.php\/wp-json\/wp\/v2\/pages\/146\/revisions"}],"predecessor-version":[{"id":881,"href":"https:\/\/rajdfestiwalowy.pl\/index.php\/wp-json\/wp\/v2\/pages\/146\/revisions\/881"}],"wp:attachment":[{"href":"https:\/\/rajdfestiwalowy.pl\/index.php\/wp-json\/wp\/v2\/media?parent=146"}],"curies":[{"name":"wp","href":"https:\/\/api.w.org\/{rel}","templated":true}]}}